?
True
Suppose -24*z + 1283369 = 18*z - 11*z. Is z a prime number?
True
Suppose -781994 = -5*d - 3*s, 2*d + 474*s = 470*s + 312806. Is d prime?
False
Suppose -92*i = -95*i. Suppose -15*t + 34*t - 78223 = i. Is t a composite number?
True
Let f = -216840 - -425309. Is f prime?
True
Suppose -5*x = 2*r - 464058, 3*r - 747698 = 3*x - 51527. Is r a composite number?
False
Suppose -t + 4*u + 1452037 = 0, 1365654 = 2*t - 2*u - 1538456. Is t composite?
True
Suppose 5*u + 55 = 3*q, 0 = -2*q + 5*u - 5 + 45. Let s(n) = q*n**2 + 7 - 22 - 231*n + 224*n. Is s(9) a composite number?
True
Let b(w) = -3*w + 52. Let l be b(14). Suppose -3*d + 2*p + 39451 = 0, -l*p + 5*p + 39416 = 3*d. Is d composite?
False
Suppose 0*i - 2048 = -i. Suppose -14*d - 4*y + 1189 = -11*d, -y = -3*d + 1169. Let v = i - d. Is v composite?
False
Let h(z) = -41*z**3 - 8*z**2 + 22*z + 13. Let v be h(-6). Suppose -4*b + 41932 = 4*s, 2*b = 3*s + v - 39918. Is s a prime number?
True
Let t = 513848 + -169541. Is t a prime number?
False
Let f be 1706/7 - (198/42 - 5). Suppose 12*z = f + 872. Suppose 0 = -5*u + 3*w + 413, -u = -0*u + 2*w - z. Is u composite?
True
Let u(w) = -2*w**2 + 6*w + 6931. Let x be 1/4*0/(-28). Is u(x) prime?
False
Let j be (-45)/(8*(-4)/(-68960)). Is (-18)/33 + j/(-99) prime?
False
Let t = -83 + 139. Let m = t - -702. Is m prime?
False
Suppose 0 = 2*p - 3*w - 578489 - 170175, 5*p = -5*w + 1871735. Is p prime?
False
Let b(f) = -376*f - 34. Let c be b(-29). Is (-14)/(6502/c - 12/20) composite?
True
Suppose 0 = 4*q - q + 5*q - 1855608. Is q a prime number?
False
Suppose -4*d + 2 = -y - 0*y, -2*y + 6 = 2*d. Is 0 - -3232 - (5 + -7)/y a prime number?
False
Suppose -12*g = -17 - 7. Suppose -2*d = g*q + 4, 0 = 2*d + 5*q + 3 + 4. Is 123 - (-3 + (-2 - d)) prime?
True
Let s(m) = 7*m + 10. Let q(p) = 4*p + 6. Let b(d) = -5*q(d) + 3*s(d). Let f(a) = 948*a - 25. Let z(u) = -6*b(u) - f(u). Is z(-6) a composite number?
False
Suppose -m - 338 - 721 = -v, 5*m = -4*v + 4236. Let u = 700 + v. Is u a prime number?
True
Is (295686/(-21))/((-2)/7) + -4 a composite number?
False
Suppose -44*m - 94*m + 236442628 = 176*m. Is m prime?
False
Suppose 73*s - 22*s = 29*s + 12003508. Is s composite?
True
Let j(k) = 182*k**2 + 47*k - 341. Is j(10) a prime number?
True
Let w be ((-4)/8)/(1/8). Let s(y) = 33*y**2 + 41 - 6*y + 35 + 34 + y - 117. Is s(w) composite?
False
Let r(p) = 2*p**2 + 35*p + 151. Let n be r(-5). Suppose -135 = -n*w + 239611. Is w prime?
True
Let k be (-1 + 8)*(-1938)/357. Is (31 + 160)*(0 - 1 - k) composite?
True
Suppose 0 = 3*q - 0*q - g - 35712, 4*q + 4*g = 47600. Is (1 - q)*(-1)/2 prime?
False
Let z(p) = 13*p + 95. Let a be z(-8). Let j(r) = 315*r**2 + 23*r + 229. Is j(a) prime?
True
Suppose 34*o - 600055 = 33*o - 4*f, -6000262 = -10*o - 4*f. Is o prime?
False
Suppose 68572 = 30*p - 34*p. Let v = 24260 + p. Is v a composite number?
True
Suppose 3*y = 5*k + 85339, 5*k = -19 + 39. Is y a prime number?
False
Let u(x) be the first derivative of -x**4/12 + 163*x**2/2 + 20*x + 35. Let q(c) be the first derivative of u(c). Is q(0) a prime number?
True
Let c = -297920 + 420414. Suppose c = -33*y + 340261. Is y composite?
False
Let b(l) = -2427*l + 85. Is b(-16) composite?
False
Suppose 698321 + 18609444 = 132*s + 3832217. Is s prime?
True
Let d(z) = -2318*z**2 - 11*z - 3. Let t be d(5). Is t/(-84) + (-6)/(-14) a prime number?
True
Suppose -80 = -5*q - 3*m, 2*m - 5*m - 48 = -3*q. Let r(j) = -j + 18. Let o be r(q). Suppose -2*c + 822 = -4*i, -o = -i + 3*i. Is c composite?
False
Suppose 5*d + 2914 = -4*m, 5*d + 11*m + 2913 = 8*m. Let t = 1915 + d. Is t a composite number?
True
Let j(x) = x**2 + 6*x. Suppose 197*i = 199*i + 34. Is j(i) a composite number?
True
Suppose 5*l - l - 895 = v, 0 = -2*v + 5*l - 1790. Let w = v + 4022. Is w a prime number?
False
Suppose 23*u + 174307 = 3*v + 18*u, -4*v + 6*u + 232408 = 0. Is v a prime number?
True
Suppose -277*w + 290*w = 26. Suppose -w*t = -1824 - 2294. Is t a composite number?
True
Let t be (1 - 2)/(2/(-6)). Suppose 9*c + 4*c = 39. Suppose 2*u + t*q = 4*u - 1783, 0 = u + c*q - 878. Is u a composite number?
False
Suppose 3*t + f - 6*f = 2, -3*f = 3. Let w be t/(-2)*4 + -2. Suppose -14*l + 6*l + 1992 = w. Is l composite?
True
Let b(q) = 33*q**2 + 139*q + 455. Is b(-19) composite?
True
Is (-84)/16 + 5 + 14055639/12 composite?
True
Suppose -5*s = -15127 - 106648. Is s composite?
True
Let g be (-342)/(-4 - 2814/(-708)). Suppose -2*h + 5*z + 17939 = 2*h, -3*h + 3*z = -g. Is h a composite number?
False
Suppose -28*a + 29*a = -14. Let n(c) = 3*c + 45. Let z be n(a). Suppose v + 2*r = 985, 7*r - 16 = z*r. Is v a composite number?
False
Suppose 11*n = -9*n - 340416 + 3001796. Is n prime?
True
Suppose 0 = -12*g + 5*g. Suppose -3*t - 2*v = -2097, 2*t - v + 4*v - 1403 = g. Is t a composite number?
True
Let l(s) = 3636*s**2 - 23*s - 26. Is l(-5) a composite number?
False
Let j(s) = -15*s**3 - 49*s**2 - 193*s + 153. Is j(-28) a prime number?
False
Let w(u) = 2*u**3 + 3*u**2 - 3*u + 3. Let s be w(-2). Suppose -v + 6 = 2, s*j - 3*v - 5423 = 0. Is j a composite number?
False
Let y(r) = 2*r**2 + 3*r - 1. Let x be y(-2). Let l be 14363/6 - (7/(-6) + x). Suppose 6*q = l - 888. Is q composite?
False
Let u(k) = k + 1. Let p be u(-7). Let w(v) = -v - 15. Let m be w(p). Is 6/m*9/(-6) - -126 composite?
False
Let b = 47076 + 13009. Let d = 100866 - b. Is d a prime number?
False
Let t = -751 + 754. Let i(m) = m**2 + 5*m. Let a be i(-5). Suppose a = 5*r - 5*h - 5740, r = 5*r - t*h - 4595. Is r composite?
False
Let a = 137313 + -77810. Is a a prime number?
False
Let t(b) = 3570*b + 2879. Is t(5) a composite number?
True
Let w be (-4432)/2 - (15 + -19). Let p = 3119 + w. Is p a prime number?
True
Is ((-2442638)/(-55))/((-40)/(-100)) prime?
True
Suppose 25*j - 2087215 = -28*j + 519484. Is j composite?
True
Let x be ((-142)/(-6))/((-12)/(-504)). Suppose 4*w + 1482 = -x. Let j = -240 - w. Is j composite?
False
Suppose -9*z + 7 - 25 = 0. Is z/((-4)/(-2))*(-4717)/53 composite?
False
Suppose -14*s = -15*s + 24. Let k be s/(-108) + 40/18. Suppose -2*g - 2*g = k*y - 1020, y = 4*g - 1014. Is g composite?
True
Let p(g) = 4138*g**2 - 2*g - 2. Let k be p(2). Let i = -3268 - -5499. Suppose -7*j - i + k = 0. Is j composite?
True
Is -1*(44/176 + (-11641818)/8) prime?
True
Let f(s) = -158 - 309*s + 121*s + 137*s + 131*s. Is f(15) a prime number?
False
Is 39196 + 12*(-9)/(-12) a prime number?
False
Let w(a) = -3*a**3 - 6*a**2 - 4*a + 9. Let j be (-5)/10*4*25. Let s = j - -42. Is w(s) a composite number?
False
Let t = -5 + 13. Let k(q) = -7*q**3 - 14*q**2 - 5*q - 9. Let y(c) = 2*c**3 + c**2 + c - 1. Let j(b) = -k(b) - 4*y(b). Is j(t) a prime number?
True
Suppose 4*z - h = 578414 + 894636, 368273 = z + 5*h. Is z prime?
False
Suppose 0 = -o + 10 - 8. Suppose 5*k - 4*i = -45 - 121, 0 = -o*i + 8. Is ((-15)/k)/((-1)/(-2798)) composite?
False
Let h be ((-379)/(-3))/(2/(-24)). Let c = -749 - -524. Let i = c - h. Is i a prime number?
True
Let v(i) = i**3 + 11*i**2 + 7*i + 7. Let a = -24 - -45. Suppose 18*j - a*j - 18 = 0. Is v(j) a prime number?
False
Let s(p) = 444*p - 7. Let i be -3 + (-4 + 0 - -12). Suppose 0 = -5*z, -5*n + i*z - 3 + 8 = 0. Is s(n) a prime number?
False
Suppose -15*r + 37750 = 10*r. Let c = r + 3433. Is c composite?
False
Let u(k) = -65*k**3 - 4*k**2 - 2*k + 4. Let w(h) = 7*h + 2. Let j be w(-1). Is u(j) a composite number?
False
Let f = 3186637 - 1587128. Is f a prime number?
True
Let n(s) = s**3 + s**2 - 6*s + 1340. Let q be n(0). Let h be (-2506)/(-5) + (-3)/15. Let m = q - h. Is m composite?
False
Suppose -25*z = -30*z + 10. Suppose z*o + x + 2*x = 233, -3*o = 3*x - 351. Is o a prime number?
False
Suppose -6*m = -9*m. Let f = m + 2. Is (187/2 - 1 - 1)*f composite?
True
Let r(s) be the third derivative of 16*s**4 + 19*s**3/6 - 65*s**2. Is r(7) composite?
False
Suppose 2*j - 68384 = 2*l, l = 4*j - 9*j + 170942. Is j a composite number?
True
Suppose -9*j + 4*j - 7*j = 0. Suppose j = 2*b - 5424 - 6074. Is b composite?
False
Suppose 0 = -12*f + 13*f + 2. Let c be (((-18)/(-4))/3)/((-1)/f). Is 10/5 + 146*3 + c a prime number?
True
Suppose -794740 = -5*w - 3*z, 265*z - 10 = 267*z. Is w a composite number?
True
Suppose 46*t - 48363 = -t. Let r = 7966 - t. Is r prime?
False
Suppose -878*